t is the greatest common divisor of 195 and 204087?
39
What is the highest common divisor of 1287 and 114642?
99
Calculate the greatest common divisor of 8544 and 182984.
712
What is the greatest common divisor of 2057 and 23375?
187
Calculate the greatest common factor of 201064 and 82.
82
Calculate the highest common factor of 21259 and 14.
7
Calculate the highest common divisor of 629 and 24864.
37
What is the highest common divisor of 8568 and 8120?
56
Calculate the highest common factor of 90 and 1773.
9
Calculate the greatest common factor of 1 and 25663.
1
What is the greatest common divisor of 620 and 15190?
310
Calculate the greatest common factor of 30 and 260430.
30
Calculate the highest common factor of 198 and 54912.
66
What is the highest common divisor of 2233 and 44?
11
What is the highest common factor of 668 and 1624409?
167
What is the greatest common factor of 137611 and 2855?
571
Calculate the highest common factor of 90 and 8630.
10
What is the highest common factor of 81 and 2243?
1
What is the greatest common divisor of 33 and 11760?
3
Calculate the greatest common factor of 27 and 107721.
9
What is the greatest common divisor of 100 and 88310?
10
Calculate the highest common factor of 43806 and 37101.
447
What is the greatest common divisor of 15 and 601310?
5
What is the highest common factor of 22789 and 19?
1
What is the highest common factor of 28125 and 13725?
225
Calculate the highest common divisor of 504 and 2562.
42
Calculate the greatest common factor of 45 and 353187.
9
What is the greatest common factor of 167104 and 68?
4
Calculate the highest common divisor of 41 and 166009.
41
Calculate the greatest common divisor of 2790 and 520893.
279
What is the highest common divisor of 1948 and 68?
4
What is the highest common factor of 1133 and 143?
11
Calculate the greatest common factor of 10727836 and 1484.
1484
What is the greatest common factor of 4752 and 900?
36
Calculate the greatest common divisor of 480 and 314848.
32
Calculate the highest common factor of 741689 and 65.
13
What is the greatest common factor of 7397 and 208?
13
Calculate the highest common divisor of 2548 and 160.
4
What is the highest common divisor of 7116 and 6708?
12
Calculate the highest common factor of 48 and 4336.
16
Calculate the highest common divisor of 16 and 3504.
16
Calculate the highest common divisor of 515 and 24935.
5
What is the greatest common divisor of 89900 and 186?
62
Calculate the highest common divisor of 2299 and 924.
11
Calculate the greatest common divisor of 2250172 and 188.
188
What is the highest common divisor of 1333775 and 50?
25
What is the greatest common factor of 515258 and 482?
482
What is the highest common factor of 53779 and 374?
11
Calculate the greatest common factor of 44928 and 234.
234
What is the highest common factor of 342514 and 1476?
82
What is the highest common divisor of 137880 and 720?
360
What is the greatest common factor of 136 and 28441?
17
Calculate the highest common divisor of 175 and 35.
35
Calculate the highest common factor of 6818 and 2.
2
What is the highest common divisor of 99 and 2745?
9
Calculate the highest common divisor of 8 and 55722.
2
Calculate the greatest common divisor of 809689 and 62.
31
Calculate the highest common factor of 154 and 2387.
77
Calculate the highest common factor of 611896 and 8.
8
What is the greatest common factor of 429 and 179751?
429
Calculate the greatest common factor of 460 and 774824.
92
Calculate the highest common divisor of 30229 and 1900.
19
What is the greatest common divisor of 40 and 12520?
40
Calculate the greatest common divisor of 185983 and 14.
7
What is the highest common factor of 261432 and 216?
72
Calculate the highest common factor of 133 and 1981.
7
What is the greatest common divisor of 6019 and 130?
13
Calculate the highest common factor of 1328 and 4316.
332
Calculate the highest common factor of 450 and 8910.
90
Calculate the highest common divisor of 702 and 6813.
9
What is the greatest common factor of 106964 and 2288?
572
What is the highest common divisor of 60 and 8300?
20
Calculate the greatest common factor of 432 and 26736.
48
Calculate the highest common divisor of 3216 and 143916.
804
Calculate the greatest common divisor of 219 and 342.
3
Calculate the highest common factor of 22 and 5962.
22
What is the highest common factor of 162 and 495828?
54
Calculate the highest common divisor of 130 and 3478150.
130
What is the highest common factor of 116 and 9367?
29
What is the highest common divisor of 66430 and 260?
130
What is the highest common divisor of 278016 and 384?
384
What is the greatest common factor of 2914836 and 2124?
708
What is the highest common divisor of 24806 and 11775?
157
Calculate the highest common factor of 77 and 99319.
11
What is the greatest common divisor of 1358837 and 1?
1
What is the highest common divisor of 2665 and 779?
41
What is the greatest common divisor of 3870 and 711?
9
What is the highest common divisor of 19 and 1588134?
19
What is the highest common divisor of 5863 and 1001?
143
What is the highest common factor of 30422 and 2296?
574
Calculate the greatest common divisor of 435 and 890880.
435
What is the greatest common divisor of 3132 and 144?
36
What is the greatest common divisor of 16375 and 875?
125
Calculate the greatest common factor of 936 and 1176.
24
Calculate the greatest common divisor of 177 and 9322.
59
What is the highest common divisor of 15 and 8985?
15
What is the greatest common factor of 649606 and 16283?
857
What is the greatest common divisor of 415 and 72127?
83
What is the greatest common factor of 537251 and 169?
169
Calculate the highest common divisor of 329330 and 60.
10
Calculate the highest common divisor of 324 and 4305069.
81
What is the greatest common factor of 145564 and 272?
4
Calculate the greatest common factor of 9 and 350856.
9
Calculate the highest common divisor of 1253 and 56.
7
What is the greatest common factor of 273 and 504?
21
Calculate the greatest common divisor of 21098 and 1096.
274
Calculate the greatest common divisor of 663 and 419900.
221
Calculate the highest common factor of 1944 and 657.
9
Calculate the greatest common divisor of 106 and 1960735.
53
What is the highest common factor of 355 and 37914?
71
Calculate the greatest common factor of 20780 and 460.
20
Calculate the highest common divisor of 11861 and 783.
29
Calculate the greatest common factor of 7365 and 6.
3
What is the greatest common factor of 9170 and 17150?
70
What is the highest common factor of 972 and 13122?
486
What is the greatest common factor of 3699 and 7946?
137
Calculate the highest common divisor of 1064694 and 549.
183
What is the highest common divisor of 890 and 160?
10
Calculate the highest common divisor of 1396597 and 172.
43
What is the highest common factor of 226083 and 682?
341
What is the highest common factor of 23489 and 1909?
83
Calculate the highest common factor of 288 and 7938.
18
What is the greatest common factor of 245 and 141463?
49
What is the greatest common factor of 5414265 and 1422?
711
Calculate the highest common divisor of 439 and 7591627.
439
What is the highest common divisor of 78324 and 915?
183
Calculate the greatest common factor of 318027 and 12.
3
What is the greatest common factor of 1085 and 61411?
217
What is the greatest common factor of 1360 and 91664?
272
Calculate the highest common divisor of 4112 and 45489.
257
What is the greatest common divisor of 946 and 1782?
22
Calculate the highest common divisor of 49105 and 6670.
115
Calculate the highest common factor of 4959 and 19152.
171
Calculate the highest common factor of 8396747 and 29.
29
Calculate the greatest common divisor of 48598 and 506.
22
Calculate the greatest common factor of 3584 and 2212.
28
What is the highest common factor of 1003 and 60534?
59
Calculate the greatest common factor of 1030 and 103.
103
What is the highest common factor of 17304 and 1932?
84
What is the highest common factor of 4046969 and 8585?
1717
What is the greatest common divisor of 108 and 58941?
27
What is the greatest common factor of 5287 and 22392?
311
Calculate the greatest common divisor of 255528 and 3510.
702
Calculate the highes